
4
Let s(r) = 7*r**2 + 13*r + 38. Let w be s(9). Let i = w - 115. What is the units digit of i?
7
Let d = -683 + 517. Let q = 212 - d. What is the hundreds digit of q?
3
Suppose 6*k = 2*k + 20. Suppose -5*g = -3*i - 397, k*i = -7*g + 5*g - 672. Let z = i + 239. What is the units digit of z?
5
Let y = -55 + 54. Let w be (9 - 13) + (0 - y). What is the tens digit of ((-1360)/w)/2 - (-6)/(-9)?
2
Let p = 441 - 445. What is the hundreds digit of p/(-3) - (-42262)/51?
8
Suppose -o - 868 = 2*h - 16101, 30469 = 4*h + o. What is the units digit of h?
8
Let o(t) = t**3 - 138*t**2 - 213*t - 674. What is the hundreds digit of o(141)?
9
Let f(r) = -r**2 - 4*r + 5. Let h be f(-4). Suppose 0 = -d + 4*j + 6, h*d - j = 2*j - 4. What is the units digit of (9/d)/(-4 + (-284)/(-72))?
1
Suppose -23*u + 104 = -19*u. Let d be (-3 - 42/(-12)) + u/(-4). What is the tens digit of 4*-1*87/d?
5
Let j(z) be the third derivative of -z**6/120 + z**5/4 - z**4/3 - 15*z**3/2 + 7*z**2. What is the units digit of j(13)?
9
Let f be -1141 - ((2 - -1) + -7). Let t = -374 - f. What is the tens digit of t?
6
Suppose -q = -3*p - 16976, -2*q + 9*p + 33968 = 7*p. What is the ten thousands digit of q?
1
Suppose 3*s - 1550 = 5*m, -2*s - 2*m = -1525 + 497. Suppose 4601 = 6*n + s. What is the units digit of n?
1
What is the tens digit of (-135 - -37)/((-12)/2466)?
3
Suppose 5*w - 3*h = -1477, -5*w = h - 2*h + 1479. Let f = 514 + w. Suppose -4*p + f = -114. What is the units digit of p?
3
Let k(l) = -6*l + 4. Let r be k(1). Let o be ((1 + 1)/2)/(r/(-4)). What is the tens digit of (-1)/o*(875 - -7)/(-3)?
4
Let d(m) = 476*m**2 - 15*m - 21. What is the hundreds digit of d(3)?
2
Let x = 11397 - 8926. What is the tens digit of x?
7
Suppose 0 = 17*r - 81657 - 16795 - 21585. What is the thousands digit of r?
7
Let v = 2603 - 1659. Let z = v + 161. Suppose 5*j = -5*n + z, j + 3*n = 3*j - 467. What is the hundreds digit of j?
2
Suppose 6*k = 2*k + 8. Suppose -w + 0*c = k*c + 4, 0 = w + 3*c + 7. What is the tens digit of (-12)/8*w + 15?
1
Let r(v) be the third derivative of 7*v**4/24 - 17*v**3/2 - 14*v**2. What is the units digit of r(19)?
2
Suppose -32*n = -80 - 48. Suppose -c - n*q + 636 = 0, 2*c - 6*q - 1252 = -9*q. What is the units digit of c?
0
Let g(h) = -239*h**2 + 14*h + 71. Let k be g(-13). What is the hundreds digit of 3/2 + k/(-44)?
9
Let i(r) = r**2 + 4*r - 19. Let b be i(-7). Suppose 0 = -u + b*u - 61. Suppose x - a - u = 62, -2*x + 249 = a. What is the tens digit of x?
2
Let w(r) = 482*r**2 + 3*r + 22. What is the tens digit of w(-4)?
2
Suppose 54 = 4*a - 2*n, -3*a = -6*a + n + 38. Suppose a*j = 4*j + 378. Let m = -3 + j. What is the units digit of m?
1
Let k = -236 + 241. Let w(h) = 22*h**2 + 21*h - 102. What is the tens digit of w(k)?
5
Let v = 37 + -41. Let z(l) = l**3 + 4*l**2 + 3*l - 6. Let c be z(v). What is the units digit of (-3)/c*-3*-52?
6
Let d(v) = 3354*v - 2261. What is the units digit of d(12)?
7
Let y(r) = r**2 + 3*r. Let c be y(-3). Let p be -5*(2 - 4)/((-25)/(-285)). Suppose c = -3*t + 3 + p. What is the units digit of t?
9
What is the thousands digit of (-11)/(-1*(-11)/(-11)) + 40770?
0
Suppose -40*d = -45*d - 225. Let a = 466 - d. What is the units digit of a?
1
What is the units digit of (5 + -6)/((-48)/645072)?
9
Suppose -3*l = -166 - 80. Let g = -78 - -58. Let n = g + l. What is the tens digit of n?
6
Suppose -83773 = 67*r - 70*r + 5*x, -83783 = -3*r - 5*x. What is the ten thousands digit of r?
2
Let j be ((-398)/5)/(40/25 + -2). Let x = j + 41. What is the hundreds digit of (4 - 1) + (x - 1)?
2
What is the thousands digit of (-44661 + 7)*(-1)/(-3)*9/(-6)?
2
What is the tens digit of 415814/8 + -1 - ((-36)/(-48) + 0)?
7
Let q(r) = -r**3 + 82*r**2 + 252*r + 1370. What is the ten thousands digit of q(69)?
8
Let c(m) = -34*m - 11. Suppose -2*g = -3*y + 7, -3*g = 5*y - 35 - 2. Suppose 5*a + 55 = y*s, 6 = -2*a - 3*s + 9. What is the hundreds digit of c(a)?
1
What is the hundreds digit of (471810/26)/3 - (4 + 324/(-78))?
0
Let y(o) = -3*o**2 - 46*o + 5. Let w be y(-15). What is the tens digit of (15/4)/5 - (-14185)/w?
1
Let d(r) = 2*r**2 + 11*r - 20. Let c be d(8). Let x = 466 + -312. Suppose x*m = 152*m + c. What is the tens digit of m?
9
Suppose -m - 7 = -3*n - 0*n, -m = -4*n + 9. Suppose -n*q + 1326 = -0*q + 2*b, -b = 3. What is the units digit of q?
6
Let y be ((-4)/10)/(8/760). Let t = 66 + y. What is the tens digit of 2*1047/24 + 21/t?
8
What is the thousands digit of 6133 + -14 + (12 - 11)?
6
Let r(k) = 208*k + 5. What is the units digit of r(33)?
9
Let v(f) = 172*f**2 + 265*f - 2507. What is the thousands digit of v(10)?
7
Suppose -2*y = -27*y + 183425. What is the hundreds digit of y?
3
Let u = 14066 - 1944. What is the units digit of u?
2
Let j(s) = 444*s**2 + 51*s - 30. What is the hundreds digit of j(-7)?
3
Let d = 81769 + -36131. What is the units digit of d?
8
Let k be (2 + 4)*(-4)/(-6). Suppose 0 = -11*x + 9*x + k. Suppose 136 + 189 = 4*m + 3*q, -q + 161 = x*m. What is the tens digit of m?
7
Let o = 53861 - 36533. What is the thousands digit of o?
7
Suppose 16*w - 42 = 2*w. Suppose 4*p = w*g - 2747, 76*g + 3*p = 80*g - 3672. What is the hundreds digit of g?
9
Suppose -7*r = -2*r - 25. Suppose -5*v + 18 = j - 9, 0 = -3*j + r*v - 19. What is the tens digit of (-20)/(j*(-4)/44)?
1
Suppose 0 = 5*c - 20*c + 150. Suppose -c*i - 273 = -1093. What is the units digit of i?
2
Let a(r) = -r**2 + 22*r + 3. Let z be a(10). Let o = z + 303. What is the units digit of o?
6
Suppose 3*g - 5*b = 160, 3*g + 4*b - 107 = 35. Let r = -321 - -350. Suppose -r = -x + g. What is the units digit of x?
9
What is the units digit of 321750/63 + 3 - 4/28?
0
Let v be 6 + 1*(4 - 3). What is the hundreds digit of 9/((v/13)/7)?
1
Let h(a) = 3*a - 24. Let l be h(11). Suppose 2*n - d - 1 = 0, 4*d + 4 + l = -n. What is the hundreds digit of (12 - -127) + 3/n?
1
Suppose 4*t + 150 = 1034. Suppose 2*w + w = -306. Let v = t + w. What is the hundreds digit of v?
1
Let q = 174 + -169. Suppose -o + 51 = -n + 382, q*n + 2*o = 1683. What is the tens digit of n?
3
Let n(i) = 4*i**3 - 5*i**2 + 11*i - 3. Let t = 5 - 1. What is the tens digit of n(t)?
1
Suppose 598 = -8*v - 738. Let n = 65 + v. Let i = n - -186. What is the tens digit of i?
8
Let a = 14368 - 9327. What is the thousands digit of a?
5
Let r = 17187 + -8727. What is the thousands digit of r?
8
What is the tens digit of (-6)/(339218/67848 - 5)?
0
Let i = -9911 - -6446. Let v = i + 4971. What is the thousands digit of v?
1
Let i = 17683 + -6382. What is the units digit of i?
1
Let u(f) = 103*f + 56. Let p = -349 + 352. What is the tens digit of u(p)?
6
Let m(u) = 8*u**3 + u**2 + 2*u - 2. Let c be m(1). Let r = c - 7. Let q = 23 + r. What is the tens digit of q?
2
Suppose u - 6*u + 225 = 4*w, 165 = 3*w + 3*u. Suppose w*o = 82751 - 8701. What is the tens digit of o?
8
Let h be ((-10)/(-4))/((-4)/(-8)). Let l be 31/6 - h/(-180)*-6. Suppose -3*q = 4*o - l*o - 268, -2*o = 5*q - 443. What is the units digit of q?
9
What is the tens digit of 5*56/(-120) - 66855/(-9)?
2
Suppose -42671 = -3*v + 2*f, -37263 - 19609 = -4*v - 3*f. What is the ten thousands digit of v?
1
Let f(p) = p**2 - 19*p - 2019. What is the thousands digit of f(-78)?
5
Let s(v) = -4*v**2 + 17*v + 20785. What is the hundreds digit of s(0)?
7
Let p(o) = -285*o + 3886. What is the units digit of p(-74)?
6
Suppose -7*q + 10*q - 12 = 0. Suppose -64*y - 4*n = -67*y + 5066, 0 = -2*n - q. What is the tens digit of y?
8
Suppose 19*u - 64932 = -4*s + 11*u, -3*s = -u - 48755. What is the units digit of s?
9
Let i be 1/((-3)/(-3) - (-148)/(-146)). Let v = 196 + i. What is the hundreds digit of (4/1)/(2 + (-243)/v)?
1
What is the units digit of 3 + (3 - (-100)/(-15)) - (-42551)/3?
3
Let c be (-732)/(-14) + 2/(-7). Let g be (-1244)/(-6) + 16/32*(-4)/(-3). Let z = g - c. What is the hundreds digit of z?
1
Let f be 16/6 - (-98)/(-147). Suppose v - 2*g = 5*v - 4242, f*g = 10. What is the tens digit of v?
5
Suppose 2*t - 52 = -3*t - 4*y, 44 = 3*t - 4*y. Let d = t - 8. What is the tens digit of -4 + (d - 166/(-1))?
6
Suppose -4*n - 12 = t - 5*t, 2*t + 1 = -5*n. What is the units digit of 19/(t/(-7) - 18/(-14))?
9
Let z = -284 + 621. Let q = 395 - z. What is the tens digit of q?
5
Let j = -213 + 215